7*t(r). Suppose 0 = 5*n - 5*k + 3*k - 6, -4*n = -4*k. Calculate u(n).
17
Suppose 5*j = -14 - 41. Let c = 11 + j. Let v(x) = 1 + 2*x**2 + c - 3*x**2 - x + 0. What is v(0)?
1
Suppose 30 = t + 2*t. Suppose -t*k - 16 = -46. Let u(b) be the first derivative of b**3/3 - b**2 - 4*b + 3. Give u(k).
-1
Let h(g) be the second derivative of -g**4/12 + g**3/3 + g**2 + 182*g. Let x = -5 + 1. Let i = -2 - x. Determine h(i).
2
Suppose 0 = 2*c + 2 - 6. Let y(f) = -1 - 18*f - c + 1 + 17*f. What is y(-2)?
0
Let y(f) = 2 + 24*f - 26*f**2 - f**3 - 3 + 16*f**2. Determine y(-12).
-1
Let n(s) = -s**2 + 0*s**2 + 0*s**2 + 4. Let b = -14 + 17. Suppose -3*i + g = 3*g + 13, 5*i + 21 = -b*g. What is n(i)?
-5
Suppose 43*t - 10*t + 95*t + 256 = 0. Let l(p) = -p + 1. Let v(j) = -j - 2. Suppose a = -a - 2. Let k(q) = a*v(q) - 4*l(q). What is k(t)?
-12
Let q(w) = w**3 - 15*w**2 + 3*w - 17. Let z = 696 + -681. What is q(z)?
28
Suppose 4*l = 8*l - 20. Let j(p) = -4*p**2 + 2 + 5 + 94*p - p**3 + p**2 - 97*p + 8*p**2. What is j(l)?
-8
Let b(u) be the third derivative of u**7/840 + u**6/120 + u**5/60 + u**4/24 + 20*u**3/3 - 5*u**2. Let x(z) be the first derivative of b(z). Give x(-2).
1
Let y(d) = d**3 + 6*d**2 - 1. Let s(p) = -5*p**3 - 25*p**2 + 5. Let z(j) = -2*s(j) - 9*y(j). Suppose k = -35 + 38. What is z(k)?
-10
Suppose 2*d - 18 = -10. Suppose -19*n - d = -17*n. Let g(t) = 2*t**2 + 2*t + t**3 + 2*t + 3 + 0. Determine g(n).
-5
Let w be 15 - (0/3 - 1). Let c = -9 + w. Let i = c - 4. Let o(l) = -l**2 + l + 2. What is o(i)?
-4
Let p = 3 + 0. Let q(u) = -u**2 - 2*u. Let w(t) = -t**2 - 5*t. Let a(f) = 3*q(f) - 2*w(f). What is a(p)?
3
Suppose -3*s = -0*z + 5*z + 4, -7 = 2*s - z. Let q(m) = m**2 + 5*m - 3. Determine q(s).
-9
Let d(g) = g**3 - 6*g**2 - 7*g + 5. Suppose -38*f + 43*f = 25. Suppose -k = 4*m + f, -4*k + 4*m = -0*m - 40. What is d(k)?
5
Let y(h) be the second derivative of h**4/6 + h**3/3 + h**2 + 2*h. Let p(a) = -5*a**3 + 78*a**2 - 51*a + 87. Let g be p(15). What is y(g)?
14
Let o(x) = -x**3 - 6*x**2 - 4*x + 5. Let c = -20 - -18. Suppose -4*i - 3 = 1. Let s be ((-14)/c - 3)/i. Calculate o(s).
-11
Let w(i) = -i**2 + 8*i + 12. Suppose 4*b - 4*a - 32 = 0, 6*b + 3*a = 10*b - 34. Determine w(b).
-8
Suppose -1 = o - 4. Suppose 2*k - 6 = 4*j - 24, -19 = o*j + 5*k. Let x = j - 8. Let r(i) = -i**2 - 6*i - 3. What is r(x)?
-3
Let g(v) = -v**3 + 4*v**2 - v - 2. Let j be (-15)/5*-2*(-4)/(-8). What is g(j)?
4
Let s be ((-1)/(-1))/((-48)/(-336)). Let m(r) = r - 10. Determine m(s).
-3
Let a(n) = 7*n**2 + 4*n - 10. Let u(s) = -s + 2. Let x(o) = a(o) + 5*u(o). Give x(1).
6
Let z(s) = -7*s. Let w(m) = 3*m. Let n(t) = 5*w(t) + 2*z(t). Let x(r) be the third derivative of r**5/30 - r**4/8 + r**3/2 - r**2. Let o be x(2). Give n(o).
5
Let a = -36 + 33. Let d(j) be the first derivative of -j**3/3 - j**2 - j + 4. Calculate d(a).
-4
Let j(l) = 4*l**2 + 2*l - 1. Let v(c) = 7 + 3*c**2 + 2 - 8 + c - 2*c**2. Let g be v(0). Give j(g).
5
Suppose 2*r = -2*v + 4, -3*r + 4*r - 8 = 2*v. Let u be (63/42)/((-2)/r). Let m(w) = w**3 + 2*w**2 + 2*w + 1. Calculate m(u).
-14
Let j(v) = v**3 - 5*v**2 + 3*v - 6. Let p = -14 - -22. Let t = p - 4. Give j(t).
-10
Let a(m) = m**3 + m**2 + m - 1. Let j(v) = 5*v**3 + 13*v**2 + 1. Suppose 0 = 6*q - q + 30. Let o(r) = q*a(r) + j(r). Let i be -2 - -7 - (-3 - -2). What is o(i)?
7
Let b be 0 + -3 + 2 + -3 + 7. Let y(n) = b - 4 - 4*n + 3. Give y(2).
-6
Let f(d) = 4*d + 4. Let h be 45/(-27)*(-1 + -2). Let a(r) = -7*r - 9. Let z(b) = h*f(b) + 3*a(b). What is z(-9)?
2
Let x(h) = h**3 - 2*h**2 + 2*h - 4. Suppose -2*c + 6 = p, -2 = 2*c - c + 3*p. Give x(c).
36
Let p(h) be the third derivative of -h**4/24 - h**3/6 - h**2. Suppose -5*o = -3*i + 7*i + 10, -3*o + 5*i - 6 = 0. Calculate p(o).
1
Let m(w) = -w**3 + 7*w**2 + 10*w - 11. Let v(u) = 2*u**2 - 18*u + 8. Let c be v(9). What is m(c)?
5
Let x be -5 + (-2)/(-2) + (-38)/(-19). Let b(c) be the third derivative of -c**5/60 - 6*c**2. Give b(x).
-4
Let q(h) = -h + 18. Let s(k) = -3*k + 55. Let n(v) = 7*q(v) - 2*s(v). Give n(15).
1
Let y(q) = -q**3 + q + 6. Let t(n) = 7*n**3 - n**2 - 2*n - 25. Let m(u) = t(u) + 4*y(u). Calculate m(2).
23
Let x(l) be the second derivative of 1/6*l**3 + 0 - 12*l - 2*l**2. Determine x(3).
-1
Let f(d) = -10 - 2 + 260*d + d**2 - 264*d. Calculate f(6).
0
Suppose -h - 29 = -5*r, 4*r = 3*r + 5*h + 1. Let y(l) = 5 - 4*l - r*l**2 + 2*l**3 + 3*l**3 + l**2 - 6*l**3. Suppose 3*p + 5 + 7 = 0. Calculate y(p).
5
Suppose -12*g = 8 - 32. Let z(r) be the first derivative of -1/4*r**4 - 3*r - 4/3*r**3 - 4 - 1/2*r**g. Calculate z(-4).
1
Let a(x) = -1 - x**2 + 3 + 0 + x. Suppose -23*w + 25*w = 126. Let k = w + -63. Calculate a(k).
2
Let s(x) = 6*x**3 - 6*x**2 + 5*x + 1. Let v(y) = -y**3 - y**2 + y. Let w(j) = s(j) - 5*v(j). Let o = -162 - -163. Calculate w(o).
11
Let h(t) = -7*t - 31*t**2 + 2*t + 0*t + 6 + 28*t**2 + t**3. Determine h(4).
2
Suppose -2*n - 2 = -2*t - 0*t, 0 = -3*t - 4*n - 25. Let w(h) = h**3 + 4*h**2 - 4. Determine w(t).
5
Let s be (-8)/(-16)*(2 - -8). Let f(j) = 3*j**2 - 5*j - 2. Let l(t) = -16*t**2 + 26*t + 9. Let g(x) = 11*f(x) + 2*l(x). Give g(s).
6
Let n = 1 + 0. Let d be (-96)/(-44) + 4/(-22). Let c(j) = 1 - d + 2 + 5*j - 2. Calculate c(n).
4
Let v(b) be the second derivative of -4*b + 1/2*b**2 - 1/6*b**3 + 0. Give v(-1).
2
Let v = -12 + 8. Let d = v - -8. Let a(b) = -36 + d*b + 36. Give a(-2).
-8
Let j = 222 - 218. Let d(o) = 1. Let s(g) = g - 2. Let k(b) = 3*d(b) + s(b). Determine k(j).
5
Let w(o) = 70*o + 412. Let p be w(-6). Let s(z) = -z**2 - 15*z + 7. Calculate s(p).
63
Let x(u) = 7*u - 1. Suppose 2 + 6 = 4*k. Let z(n) = -2 + 0 + 7*n + k + 7 - n**2. Let y be z(8). Determine x(y).
-8
Let z = 15 - 15. Suppose -7*m + z - 7 = 0. Let g(l) be the third derivative of -l**4/3 - l**3/6 - 4*l**2. Calculate g(m).
7
Let x(a) = a**3 + a**2 - 3*a + 4. Let z(l) = -23*l + 18. Let j be z(-2). Let r = j + -67. Determine x(r).
-5
Let n(u) = -u**3 + 3*u**2 + 4*u + 1. Let t(b) = -b. Let j(x) = n(x) + 4*t(x). Suppose 2*l = 3*l + 3. Let p = 6 + l. What is j(p)?
1
Let r = 18 - 26. Let g = r - -12. Let k(d) = d**2 - 3*d - 3. Give k(g).
1
Let d(h) = h**2 + h - 2. Let a(l) be the third derivative of -l**5/30 + l**4/12 + l**3/3 - 3*l**2. Let w be a(-2). Let u = w + 10. Calculate d(u).
-2
Let z(l) = -15*l + 2 - 7 + 13*l - 1. Determine z(-6).
6
Let c be ((-42)/8)/((-275)/20 - -13). Let y(r) = -r**2 + 5*r + 8. Calculate y(c).
-6
Let i(n) = 2*n + 0*n + 7 - 22 - 3. What is i(7)?
-4
Let b(m) = -4 - 3 - 19 - 8*m + 1 + 5*m. What is b(-9)?
2
Let n(b) = b**3 + 6*b**2 - 7*b + 2. Let f be n(-7). Let m(l) = l - 7*l**2 + 11*l**2 + 7*l**f + 3*l**2. Give m(-1).
13
Suppose -15*s + 20*s = w - 11, w + 1 = s. Let z(t) = 0*t - 1 - 4*t + 2*t + 3*t. Determine z(s).
-4
Suppose -2*m = m + 4*g - 6, -2*g = 0. Let r(t) = -41*t - 2*t**m - 36*t + 70*t. Let c be r(-3). Let h(i) = -i + 7. What is h(c)?
4
Let r(s) = -s**3 - 6*s**2 - 10*s - 21. Let h be r(-5). Let o(q) = -q**2 + 5*q + 3. Determine o(h).
7
Let s(g) = -47*g**2 + 1. Let l = 28 + -27. What is s(l)?
-46
Let i(z) = z**3 + 28*z**2 + 0*z**3 - z - 25*z**2. Give i(-3).
3
Let i(x) = 2*x**3 - 18*x**2 + 4*x - 28. Suppose -135*c = -493 - 722. Calculate i(c).
8
Let n be (1/3)/(8/48). Let h(q) = 5*q**n + 2*q**3 - q**3 + 0 + 6 - 5*q. Suppose -43*d = -32*d + 66. What is h(d)?
0
Suppose 19*p = -28*p + 141. Let h(g) = 2*g + 4 - 4 - 3. What is h(p)?
3
Let n(m) be the third derivative of -m**5/60 + 5*m**4/12 - 7*m**3/6 + 10*m**2. Let h be n(10). Let p(g) = -g - 2. What is p(h)?
5
Let l(b) = -b + 2. Suppose w = 3*w. Let k(v) = -v**2 - v + 3. Let s be k(w). Let u be l(s). Let q(z) = 7*z**2 + z + 1. Determine q(u).
7
Let r(w) be the first derivative of -4/3*w**3 + 3*w + 0*w**2 - 8 - 1/2*w**4. Give r(-3).
21
Let m = -3 + 2. Let z(b) be the third derivative of 28*b**2 + 1/6*b**3 + 1/24*b**4 + 0*b + 0 - 7/60*b**5. Give z(m).
-7
Let y(c) = -21*c + 4. Let i(j) = 65*j - 13. Let t = 68 + -81. Let d(k) = t*y(k) - 4*i(k). Determine d(1).
13
Let d(u) = 2*u**3 - 15*u**2 - 24*u - 15. Let g(o) = -o**3 + 8*o**2 + 12*o + 8. Let p(k) = 4*d(k) + 9*g(k). Give p(13).
-1
Let v(u) = -3*u**2 + u. Suppose 3*p - 2*p = -3, -i + 2*p = -5. Determine v(i).
-4
Let c(y) = -5*y. Let b be c(-1). Suppose -b*m - 4 = -19. Let w(a) = 2*a**2 - 6*a + a 